atest common factor of 5472705 and 210.
105
Calculate the greatest common factor of 229 and 10127296.
229
What is the highest common factor of 1629 and 2868488?
181
Calculate the highest common divisor of 43236179 and 6492.
541
Calculate the highest common divisor of 2640 and 14353240.
440
What is the greatest common divisor of 54717 and 3499509?
2379
What is the greatest common factor of 9026240 and 33280?
320
Calculate the greatest common divisor of 50763009 and 1331.
1331
Calculate the highest common factor of 76 and 117086892.
76
Calculate the highest common divisor of 64753 and 89319292.
4981
What is the highest common factor of 2940600 and 1044?
348
What is the highest common factor of 306 and 17928642?
102
What is the greatest common factor of 156 and 109356?
156
Calculate the highest common divisor of 12604937 and 20711.
139
What is the highest common divisor of 464 and 23335024?
464
Calculate the greatest common divisor of 69501775 and 875.
175
Calculate the greatest common divisor of 47162423 and 9471.
3157
What is the greatest common factor of 177156 and 6403?
19
Calculate the highest common divisor of 18749907 and 2970.
297
What is the greatest common factor of 10873035 and 1415826?
4239
Calculate the greatest common factor of 20633302 and 2656.
166
Calculate the greatest common factor of 18903995 and 2695.
55
What is the highest common factor of 2698140 and 12738?
1158
What is the highest common divisor of 2070 and 900345?
15
What is the highest common factor of 990 and 195216030?
90
What is the greatest common factor of 148 and 5085708?
4
Calculate the highest common factor of 19158 and 50829367.
3193
What is the highest common divisor of 7010557 and 1457?
31
What is the highest common factor of 23647 and 280585?
17
What is the greatest common divisor of 281221043 and 11926?
5963
Calculate the greatest common divisor of 50085468 and 16218.
306
Calculate the greatest common factor of 73902869 and 1517.
41
What is the highest common divisor of 6713 and 1960?
49
What is the greatest common divisor of 374878 and 92666?
14
Calculate the highest common factor of 9967980 and 420.
60
Calculate the greatest common factor of 3975 and 117005715.
795
What is the greatest common divisor of 263109 and 199869?
51
Calculate the highest common divisor of 2176 and 1296352.
544
Calculate the highest common factor of 712611900 and 46800.
11700
What is the greatest common divisor of 796297 and 113305?
527
Calculate the highest common factor of 640 and 164673420.
20
Calculate the greatest common divisor of 7 and 526100995.
7
What is the greatest common divisor of 251728 and 2960?
16
What is the highest common factor of 50867332 and 19?
19
What is the highest common divisor of 183480 and 166056?
264
Calculate the greatest common divisor of 5826 and 820495.
971
Calculate the greatest common factor of 12562 and 913924.
22
Calculate the greatest common divisor of 1904068 and 136.
68
Calculate the highest common factor of 246 and 316784655.
123
Calculate the greatest common factor of 36 and 890620182.
18
What is the highest common divisor of 20260 and 404?
4
Calculate the highest common factor of 600643 and 1062492.
2393
Calculate the highest common divisor of 9908 and 49684.
4
What is the highest common factor of 9630 and 37670634?
1926
Calculate the greatest common factor of 504 and 12238668.
36
What is the greatest common factor of 481005 and 111105?
135
Calculate the greatest common factor of 200326435 and 230.
115
What is the greatest common divisor of 212185281 and 1518?
759
Calculate the highest common divisor of 141873 and 48289089.
7467
What is the greatest common divisor of 990900 and 164700?
2700
What is the highest common divisor of 29950170 and 10?
10
Calculate the highest common factor of 15227079 and 7.
7
Calculate the greatest common factor of 144 and 144691560.
72
Calculate the greatest common factor of 1393974479 and 508.
127
What is the greatest common factor of 11618986 and 1737?
193
What is the greatest common factor of 1271 and 61246948?
1271
What is the highest common factor of 907439 and 3341?
13
Calculate the greatest common divisor of 10075 and 20770.
155
Calculate the greatest common factor of 78424884 and 47268.
3636
Calculate the highest common divisor of 576939 and 2343.
33
Calculate the greatest common divisor of 195380367 and 273.
273
Calculate the highest common divisor of 78706 and 24679.
667
What is the greatest common factor of 12629896 and 36892?
1604
What is the highest common divisor of 43 and 1187146451?
43
What is the highest common divisor of 112791 and 20174?
917
What is the greatest common divisor of 8992 and 1140736?
32
What is the greatest common divisor of 175 and 138019595?
35
What is the greatest common factor of 2302581 and 1137?
3
What is the highest common factor of 61312632 and 446359?
9497
What is the highest common divisor of 79917071 and 7045?
1409
What is the highest common divisor of 41951392 and 80864?
4256
Calculate the highest common factor of 18078021 and 298.
149
Calculate the highest common divisor of 208808478 and 16290.
3258
Calculate the highest common divisor of 9 and 1162089.
9
Calculate the greatest common factor of 7357 and 8764.
7
What is the greatest common factor of 53714 and 3065212?
502
Calculate the greatest common factor of 5109 and 1067388.
393
Calculate the highest common factor of 170420 and 500.
20
What is the greatest common divisor of 179523 and 14715?
2943
Calculate the greatest common divisor of 228 and 135852812.
76
Calculate the highest common divisor of 287 and 3602957.
41
Calculate the greatest common factor of 3444 and 296512.
164
Calculate the greatest common factor of 261084 and 204.
12
Calculate the greatest common divisor of 11153 and 361.
19
What is the greatest common factor of 303 and 24113447?
101
Calculate the highest common factor of 372745 and 387420.
2935
Calculate the greatest common factor of 475734 and 4128.
6
What is the greatest common divisor of 208496 and 118192?
1328
Calculate the highest common divisor of 20584 and 18180818.
5146
Calculate the highest common divisor of 110 and 368890.
10
What is the highest common factor of 539710 and 2970146?
3482
Calculate the highest common factor of 20 and 47746160.
20
What is the highest common factor of 6724 and 28558960?
164
Calculate the highest common factor of 1481270 and 2646.
98
What is the highest common divisor of 1064 and 72300088?
56
What is the highest common factor of 609219646 and 290?
58
Calculate the greatest common factor of 92771220 and 62.
62
Calculate the highest common factor of 4811 and 1853.
17
What is the highest common factor of 30 and 24903510?
30
Calculate the highest common divisor of 630 and 34532694.
126
Calculate the highest common factor of 585 and 4104855.
45
What is the highest common divisor of 344926 and 12238?
58
What is the greatest common divisor of 7825950 and 9027?
153
Calculate the greatest common divisor of 534823856 and 5529.
1843
Calculate the highest common factor of 41265 and 69564537.
8253
What is the highest common divisor of 11478140 and 1480?
740
What is the greatest common factor of 7227200 and 125?
25
What is the highest common factor of 255060 and 4572?
36
Calculate the highest common divisor of 466884 and 10368.
324
What is the highest common divisor of 2261623 and 2166619?
2639
Calculate the highest common divisor of 62980779 and 87.
87
What is the greatest common factor of 502 and 134141428?
502
What is the highest common divisor of 63 and 357492933?
63
What is the highest common factor of 21680 and 27881835?
1355
What is the highest common factor of 96 and 7409814?
6
Calculate the highest common divisor of 108008 and 1054504.
184
What is the highest common factor of 93131321 and 53073?
5897
What is the greatest common divisor of 4188 and 51082432?
1396
What is the highest common divisor of 520 and 12910885?
65
Calculate the greatest common factor of 896 and 644532.
28
What is the highest common divisor of 266 and 2395786?
38
What is the greatest common factor of 394270438 and 6159?
2053
Calculate the greatest common divisor of 7380 and 8544810.
1230
What is the highest common divisor of 1088 and 59817152?
1088
Calculate the greatest common diviso